0. Let p be t + (4 - (-2 + 3)). What is the units digit of p + 1 + (-2 - -13)?
1
Let s(h) be the first derivative of 2*h**3/3 + 6*h**2 + 13*h - 10. Let p be s(-7). Let k = p - 26. What is the units digit of k?
1
Let u = 552 - 265. What is the hundreds digit of u?
2
Suppose 3*r - p - 6 = -2, 3*p + 12 = r. Suppose r = 2*b - 3*b - 1. What is the units digit of b - (-47 + 12/(-3))?
0
Let b(w) = -15 - 13 + 32 - 3*w. Let y be b(-5). Let d = y - 11. What is the units digit of d?
8
Let f(y) be the second derivative of -y**4/12 - 5*y**3/3 - 9*y**2/2 - 9*y. Let w be f(-8). Suppose 0 = -m - w + 52. What is the units digit of m?
5
Let f = 672 + -445. Suppose 4*u = 429 + f. What is the hundreds digit of u?
1
What is the units digit of (964 + (-6)/1)/2?
9
What is the units digit of (-72094)/(-32) - 6/(-96)?
3
Let d(n) = 35*n**3 + n**2 - 18*n - 1. What is the hundreds digit of d(3)?
8
Let u = 5609 + -2933. What is the tens digit of u?
7
Let y(p) = p**2 - 15*p - 4. Let q = 17 - -6. What is the units digit of y(q)?
0
What is the units digit of 143/3 + 2/6?
8
Let q(o) = 5*o + 5. Let m be q(-13). Let h = 108 + m. What is the units digit of h?
8
Suppose -5*x - 2*h = -77, 0 = 3*h - 4*h - 4. What is the hundreds digit of x + -15 + 191/1?
1
Suppose 1426 + 422 = 11*l. What is the tens digit of l?
6
What is the units digit of ((-2)/6)/(3/(-2997))?
3
Let a(b) = b**3 - 2*b**2 + 7*b + 376. What is the units digit of a(0)?
6
Let f = -10 - -11. Let v be f*7/((-14)/(-48)). Suppose 5*x = 3*x + v. What is the units digit of x?
2
Suppose 612 = 3*y - 4*d, 0*y = -y - 2*d + 204. Suppose 4*i = -56 + y. What is the units digit of i?
7
Let i(y) = 712*y - 225. What is the thousands digit of i(5)?
3
Suppose -2*r + 4*j + 24 = 0, -3*j + 1 - 15 = -r. Let s(y) = y - 1. Let d(o) = -3*o + 20. Let v(c) = d(c) + 2*s(c). What is the units digit of v(r)?
0
Suppose -29 = -5*z - 49. What is the tens digit of 456/5 + z/20?
9
Let b(p) = -9*p + 10 + p - 2*p. Let k be b(4). What is the tens digit of (k/(-9))/(6/81)?
4
Let k = 8 + -5. Suppose 0 = -l + k*n + 129, 3*l = -0*l - 4*n + 361. Suppose 0 = -3*f - 15 + l. What is the tens digit of f?
3
Suppose -3*u + 20 = 4*i - 2*i, 5*i = 3*u - 34. Suppose u*m - 2*m = 48. What is the units digit of m?
8
Let x(j) = -115*j - 128. What is the units digit of x(-10)?
2
Suppose j - 45 = -4*l, 4*l + 60 = 8*l + 4*j. Let k = -7 + l. Suppose 5*f = d - 2*d + 79, -f + 27 = k*d. What is the tens digit of f?
1
Let n be -2 + -1*-10*1. Let u be 5/((-30)/n)*-3. Suppose -26 = -u*k + 2*k. What is the tens digit of k?
1
Suppose -287 = -3*s - 5*g, -95 = -s + 3*g - 4*g. What is the units digit of s?
4
Let m(c) = -2*c + 8. Let t be m(4). Suppose t = 4*i - 5*d - 112, 8*d - 5*d + 127 = 5*i. What is the units digit of i?
3
Let w(i) = i. Let u(m) = m + 1. Let s(t) = 4*u(t) - 3*w(t). Suppose -5*a = -19 - 6. What is the units digit of s(a)?
9
Let u(a) = 327*a + 7. What is the units digit of u(3)?
8
Suppose -4*j = 8*u - 5*u - 2748, -4*j - u = -2756. What is the hundreds digit of j?
6
Let y(i) = -i**2 + 4*i - 1. Let v be y(1). Suppose r + v*p - 50 = -0*p, -214 = -5*r + 2*p. What is the tens digit of r?
4
Let b be (-6 + 52/8)*(92 + 0). Suppose -31 - b = -t. What is the units digit of t?
7
What is the hundreds digit of 154 - (24/(-4))/(-6)?
1
Suppose -10*h + 1737 = -483. What is the hundreds digit of h?
2
Suppose -a = 2*o - 459, -5*a + 2*a - 702 = -3*o. Suppose -7*q + 14*q = o. What is the tens digit of q?
3
Let h(q) = -312*q + 279. What is the units digit of h(-11)?
1
Suppose 4*z - 22832 = -4*v - 0*v, -3*v + 2*z + 17104 = 0. What is the hundreds digit of v?
7
Suppose 0 = -6*h + 3*h + 204. Suppose 0 = -4*w + 5*w - h. What is the tens digit of w?
6
Suppose -4*d = -7*d. Let s be (-1)/(d + (-4)/(-8)). Let a = 16 + s. What is the units digit of a?
4
Suppose -30*z + 26*z + 300 = 0. Suppose z = s - 0*s. What is the units digit of s?
5
Let q = 216 - -13. What is the hundreds digit of q?
2
Let r = 848 - -69. What is the units digit of r?
7
Let a be (-2)/(-12) + 429/18 + 4. Suppose 0 = a*o - 33*o + 125. What is the tens digit of o?
2
Suppose 7*p + p = 176. What is the tens digit of p?
2
Suppose 3*c + 15 = 0, -3*h + 5*c = -7*h - 33. What is the units digit of -5 - -13 - (1 - h)?
5
Let c = 18 - 14. What is the tens digit of c + (-16)/4 - -67?
6
What is the hundreds digit of 1649 + -2 + 1 + (81 - 87)?
6
Suppose 0 = -4*r - 44 + 60. Let b(z) = 14*z + 31. What is the tens digit of b(r)?
8
Suppose -6*w + 18 - 6 = 0. Suppose -153 = -3*u + 3*v, -2*v = 5*u - w*u - 153. What is the units digit of u?
1
Let p(z) = z**3 - 9*z**2 + 8*z + 8. Let w be p(9). Let b be 144/w*40/6. Let v = b + 28. What is the units digit of v?
0
Let o(m) = m**3 + m**2 - m - 2. Let s be o(0). Let c = 14 + s. Suppose -3*b = -k + c + 13, 5*b = 5*k - 75. What is the tens digit of k?
1
Suppose -m + 75 = -0*m. Suppose 0 = 4*z + 5*x - 217, 8*z = 3*z + x + 235. Suppose -z = -2*h + 2*f, 4*h - f = -4*f + m. What is the tens digit of h?
2
Let a(h) = 2*h**3 - 3*h**2 + h + 2. Let n be 2 - 1 - (6 - 10). Suppose 0 = -n*v - 2 + 12. What is the units digit of a(v)?
8
Let c be -5 - (2 + 4/2). Let r = c + 14. Suppose 0 = w - r*w + 92. What is the units digit of w?
3
Let g(j) = -9*j + 52. Let n(u) = -u**2 + 12*u - 15. Let i be n(10). Let b(y) = -13*y + 78. Let r(z) = i*b(z) - 7*g(z). What is the units digit of r(6)?
4
Let v be 66/(-44)*(2 - (0 - -14)). Let r = 143 + v. What is the hundreds digit of r?
1
What is the hundreds digit of 32/(-18) + 2 + 72360/243?
2
What is the units digit of 643 - 0 - 126/(-21)?
9
Let w = -2 - -15. What is the tens digit of 9*(w/3 - 2)?
2
Let i(y) = y**2 + 1. Let w be i(-1). Suppose 5*k + w*b - 40 = -11, -4*k = -3*b - 14. Suppose -q - x + 2 = x, q + k*x = -1. What is the units digit of q?
4
Suppose -5*z = 4*h - 4849, z - 2*z = -5. What is the tens digit of h?
0
Let b(j) = -72 + 4*j + 3*j + 3*j**3 - 5*j**2 - 2*j + 66. What is the tens digit of b(4)?
2
Let g(f) = -3*f - 14. Let u be g(-4). Let t(q) = q + 13. What is the tens digit of t(u)?
1
Let g = 1238 + -800. What is the hundreds digit of g?
4
What is the hundreds digit of (1*-1)/(-1*(-11)/(-1518))?
1
Let q(x) = 361*x**2 - 11*x + 7. What is the hundreds digit of q(2)?
4
Let a = 1704 + -1008. Suppose -4*s + 5*o + a = 0, -2*o + 515 = 3*s - 4*o. What is the tens digit of s?
6
Let n(x) = -x**2 + x + 4*x**2 - 4 + 19*x**2. What is the units digit of n(-3)?
1
What is the hundreds digit of 1163*(-8 + 1)/(-7)?
1
Let f(t) = t - 20. Let x be f(20). Let a be -4 - 8*(1 + x). What is the tens digit of 8/a - 573/(-9)?
6
Suppose j - 3*j = 6. Let f be -3*(4 + j)*-1. Suppose -16 = -f*d + 23. What is the tens digit of d?
1
Let p(k) = -7*k**3 - 2*k**2 + k + 2. Let v be 5/20 - 183/12. Let l be (-13)/5 - 9/v. What is the units digit of p(l)?
8
Suppose 5*j + 371 = 3*a, 8*j - 4*a + 373 = 3*j. Let m be 0 + 1 + 1608/12. Let p = j + m. What is the units digit of p?
2
Suppose 8*z - 25 = 3*z. Suppose -z + 182 = -3*c. Let u = c - -112. What is the units digit of u?
3
Let o(z) = 3*z + 107. What is the tens digit of o(25)?
8
Let k be 12/(-10)*(-30)/4. Let q be (2/3*k)/2. Suppose 0*u = 2*g + q*u - 23, -5*u + 43 = 4*g. What is the units digit of g?
7
Let t = -2 + 7. Let i(l) = l**3 - 9*l**2 - 8*l - 13. Let u be i(10). What is the units digit of u - -5*t/(-25)?
6
Suppose p = x + 3809, 18*p - 2*x = 13*p + 19045. What is the units digit of p?
9
Suppose -g + 2*j + 183 = 0, g + 2*j + 2*j = 177. Suppose -9 = 6*s - 33. Suppose s*h - g = 47. What is the units digit of h?
7
Let a = 49 - 157. What is the tens digit of 11/((-22)/a) + -1 + -1?
5
Let j = 1104 - 567. What is the hundreds digit of j?
5
Let p = 12 - 8. Suppose -5*o + p = -1. Suppose o = 5*w - 79. What is the tens digit of w?
1
Suppose -4*r + 2*n = 0, 2*r + r = -2*n + 14. Suppose 0 = -g - r*g + 531. What is the units digit of g?
7
Suppose 5*y + 15 = 0, 2*m - m - 5 = y. What is the units digit of (-1)/((-2)/(-4))*m/(-1)?
4
Let g = -2 - 8. Let t = 10 + g. Suppose t = x + q - 53, 3*x - 151 = 2*q - q. What is the tens digit of x?
5
Suppose 5*k = 4*d - 203, -193 = 7*k - 2*k + d. Let j = 65 + k. What is the tens digit of j?
2
Let j be (3 - 8)*3 - -2. Suppose -4*f + 38 = -54. Let y = j + f. What is the units digit of y?
0
What is the hundreds digit of ((-16)/18)/(-